{"id":201,"date":"2017-04-27T14:51:26","date_gmt":"2017-04-27T12:51:26","guid":{"rendered":"http:\/\/www.cvua-rheinland.de\/wordpress\/?page_id=201"},"modified":"2020-06-02T15:28:06","modified_gmt":"2020-06-02T13:28:06","slug":"einzugsgebiet","status":"publish","type":"page","link":"https:\/\/www.cvua-rheinland.de\/wordpress\/einzugsgebiet\/","title":{"rendered":"Einzugsgebiet"},"content":{"rendered":"<p><img loading=\"lazy\" decoding=\"async\" class=\"size-full wp-image-202 aligncenter\" src=\"https:\/\/www.cvua-rheinland.de\/wordpress\/wp-content\/uploads\/2017\/04\/Einzugsgebiet.png\" alt=\"\" width=\"804\" height=\"604\" srcset=\"https:\/\/www.cvua-rheinland.de\/wordpress\/wp-content\/uploads\/2017\/04\/Einzugsgebiet.png 804w, https:\/\/www.cvua-rheinland.de\/wordpress\/wp-content\/uploads\/2017\/04\/Einzugsgebiet-300x225.png 300w, https:\/\/www.cvua-rheinland.de\/wordpress\/wp-content\/uploads\/2017\/04\/Einzugsgebiet-768x577.png 768w\" sizes=\"auto, (max-width: 804px) 100vw, 804px\" \/><\/p>\n<p><strong><u>Einzugsgebiet<\/u><\/strong><\/p>\n<p>Tr\u00e4ger der Anstalt sind das Land Nordrhein Westfalen sowie alle Kommunen des Regierungsbezirks K\u00f6ln.<\/p>\n<p>Das Einzugsgebiet des <em>CVUA Rheinland<\/em> umfasst somit:<\/p>\n<ul>\n<li><a href=\"https:\/\/www.staedteregion-aachen.de\/de\/navigation\/staedteregion\/\">St\u00e4dteregion Aachen<\/a> (AC)<\/li>\n<li><a href=\"https:\/\/www.bonn.de\/\">Stadt Bonn<\/a> (BN)<\/li>\n<li><a href=\"http:\/\/www.dueren.de\/\">Kreis D\u00fcren<\/a> (DN)<\/li>\n<li><a href=\"http:\/\/www.rhein-erft-kreis.de\/Internet\/behoerdenlotse\/dienststellen\/_iii\/_39\/\">Rhein-Erft-Kreis<\/a> (BM)<\/li>\n<li><a href=\"https:\/\/www.kreis-euskirchen.de\/\">Kreis Euskirchen<\/a> (EU)<\/li>\n<li><a href=\"https:\/\/www.kreis-heinsberg.de\/\">Kreis Heinsberg<\/a> (HS)<\/li>\n<li><a href=\"https:\/\/www.stadt-koeln.de\/\">Stadt K\u00f6ln<\/a> (K)<\/li>\n<li><a href=\"https:\/\/www.leverkusen.de\/\">Stadt Leverkusen<\/a> (LEV)<\/li>\n<li><a href=\"http:\/\/www.oberbergischer-kreis.de\">Oberbergischer Kreis<\/a> (GM)<\/li>\n<li><a href=\"https:\/\/www.rbk-direkt.de\">Rheinisch-Bergischer Kreis<\/a> (GL)<\/li>\n<li><a href=\"https:\/\/www.rhein-sieg-kreis.de\/\">Rhein-Sieg-Kreis<\/a> (SU)<\/li>\n<\/ul>\n<p>Das Einzugsgebiet umfasst ca. 4,4 Mio Einwohner. Die Einwohnerzahl des Einzugsgebietes ist die Basis f\u00fcr die Anzahl der zu entnehmenden amtlichen Proben und liegt zurzeit bei 5,5 Proben pro 1000 Einwohner.<\/p>\n<p>Da die Anzahl der Einwohner leicht schwankend ist, werden die Probenzahlen j\u00e4hrlich angepasst. Laut statistischer Prognose wird die Einwohnerzahl des Regierungsbezirks K\u00f6ln, als einzigem Regierungsbezirk Nordrhein-Westfalens, bis 2030 ansteigen auf etwa 5,52 Mio.<\/p>\n","protected":false},"excerpt":{"rendered":"<p>Einzugsgebiet Tr\u00e4ger der Anstalt sind das Land Nordrhein Westfalen sowie alle Kommunen des Regierungsbezirks K\u00f6ln. Das Einzugsgebiet des CVUA Rheinland umfasst somit: St\u00e4dteregion Aachen (AC) Stadt Bonn (BN) Kreis D\u00fcren <a class=\"more-link\" href=\"https:\/\/www.cvua-rheinland.de\/wordpress\/einzugsgebiet\/\"><\/a><\/p>\n","protected":false},"author":1,"featured_media":0,"parent":0,"menu_order":0,"comment_status":"closed","ping_status":"closed","template":"","meta":{"footnotes":""},"class_list":["post-201","page","type-page","status-publish","hentry"],"_links":{"self":[{"href":"https:\/\/www.cvua-rheinland.de\/wordpress\/wp-json\/wp\/v2\/pages\/201","targetHints":{"allow":["GET"]}}],"collection":[{"href":"https:\/\/www.cvua-rheinland.de\/wordpress\/wp-json\/wp\/v2\/pages"}],"about":[{"href":"https:\/\/www.cvua-rheinland.de\/wordpress\/wp-json\/wp\/v2\/types\/page"}],"author":[{"embeddable":true,"href":"https:\/\/www.cvua-rheinland.de\/wordpress\/wp-json\/wp\/v2\/users\/1"}],"replies":[{"embeddable":true,"href":"https:\/\/www.cvua-rheinland.de\/wordpress\/wp-json\/wp\/v2\/comments?post=201"}],"version-history":[{"count":6,"href":"https:\/\/www.cvua-rheinland.de\/wordpress\/wp-json\/wp\/v2\/pages\/201\/revisions"}],"predecessor-version":[{"id":617,"href":"https:\/\/www.cvua-rheinland.de\/wordpress\/wp-json\/wp\/v2\/pages\/201\/revisions\/617"}],"wp:attachment":[{"href":"https:\/\/www.cvua-rheinland.de\/wordpress\/wp-json\/wp\/v2\/media?parent=201"}],"curies":[{"name":"wp","href":"https:\/\/api.w.org\/{rel}","templated":true}]}}