{"id":196,"date":"2017-04-27T14:51:39","date_gmt":"2017-04-27T12:51:39","guid":{"rendered":"http:\/\/www.cvua-rheinland.de\/wordpress\/?page_id=196"},"modified":"2017-11-02T14:31:07","modified_gmt":"2017-11-02T13:31:07","slug":"gruendung","status":"publish","type":"page","link":"https:\/\/www.cvua-rheinland.de\/wordpress\/gruendung\/","title":{"rendered":"Gr\u00fcndung"},"content":{"rendered":"<p><img loading=\"lazy\" decoding=\"async\" class=\"alignnone wp-image-418 size-full\" src=\"https:\/\/www.cvua-rheinland.de\/wordpress\/wp-content\/uploads\/2017\/11\/Gr\u00fcndung.png\" alt=\"\" width=\"978\" height=\"239\" srcset=\"https:\/\/www.cvua-rheinland.de\/wordpress\/wp-content\/uploads\/2017\/11\/Gr\u00fcndung.png 978w, https:\/\/www.cvua-rheinland.de\/wordpress\/wp-content\/uploads\/2017\/11\/Gr\u00fcndung-300x73.png 300w, https:\/\/www.cvua-rheinland.de\/wordpress\/wp-content\/uploads\/2017\/11\/Gr\u00fcndung-768x188.png 768w\" sizes=\"auto, (max-width: 978px) 100vw, 978px\" \/><\/p>\n<p>Auf Grund \u00a7 3 Absatz 1 sowie \u00a7 5 des Gesetzes zur Bildung integrierter Untersuchungsanstalten f\u00fcr Bereiche des Verbraucherschutzes (IUAG NRW) vom 11. Dezember 2007 (GV NRW S. 662) wurde das CVUA Rheinland gem\u00e4\u00df Artikel 1 der Verordnung vom 4. November 2010 zur \u00c4nderung der Verordnung zur Errichtung integrierter Untersuchungsanstalten f\u00fcr Bereiche des Verbraucherschutzes (Errichtungsverordnung; GV NRW S. 599) zum 1. Januar 2011 gebildet und als rechtsf\u00e4hige Anstalt des \u00f6ffentlichen Rechts errichtet.<\/p>\n<p>Das CVUA Rheinland wurde aus dem Fachbereich Chemische Lebensmitteluntersuchung der Stadt Aachen, der Amtlichen Lebensmitteluntersuchung \u2013 Leistungszentrum optimierter Laborbetrieb der Stadt Bonn, dem Institut f\u00fcr Lebensmitteluntersuchung der Stadt K\u00f6ln und dem Chemischen Untersuchungsinstitut der\u00a0Stadt Leverkusen gebildet.<\/p>\n<p>Vorl\u00e4ufiger Sitz der Anstalt ist der Standort Aachen, weitere Standorte blieben\u00a0in Bonn, K\u00f6ln (bis Mai 2011)\u00a0und Leverkusen.<\/p>\n<p>Mit Bezug des Neubaus zum 01. Juli 2016 in H\u00fcrth, Winterstra\u00dfe 19 wurden die anderen drei Standorte aufgel\u00f6st.<\/p>\n","protected":false},"excerpt":{"rendered":"<p>Auf Grund \u00a7 3 Absatz 1 sowie \u00a7 5 des Gesetzes zur Bildung integrierter Untersuchungsanstalten f\u00fcr Bereiche des Verbraucherschutzes (IUAG NRW) vom 11. Dezember 2007 (GV NRW S. 662) wurde <a class=\"more-link\" href=\"https:\/\/www.cvua-rheinland.de\/wordpress\/gruendung\/\"><\/a><\/p>\n","protected":false},"author":1,"featured_media":0,"parent":0,"menu_order":0,"comment_status":"closed","ping_status":"closed","template":"","meta":{"footnotes":""},"class_list":["post-196","page","type-page","status-publish","hentry"],"_links":{"self":[{"href":"https:\/\/www.cvua-rheinland.de\/wordpress\/wp-json\/wp\/v2\/pages\/196","targetHints":{"allow":["GET"]}}],"collection":[{"href":"https:\/\/www.cvua-rheinland.de\/wordpress\/wp-json\/wp\/v2\/pages"}],"about":[{"href":"https:\/\/www.cvua-rheinland.de\/wordpress\/wp-json\/wp\/v2\/types\/page"}],"author":[{"embeddable":true,"href":"https:\/\/www.cvua-rheinland.de\/wordpress\/wp-json\/wp\/v2\/users\/1"}],"replies":[{"embeddable":true,"href":"https:\/\/www.cvua-rheinland.de\/wordpress\/wp-json\/wp\/v2\/comments?post=196"}],"version-history":[{"count":4,"href":"https:\/\/www.cvua-rheinland.de\/wordpress\/wp-json\/wp\/v2\/pages\/196\/revisions"}],"predecessor-version":[{"id":422,"href":"https:\/\/www.cvua-rheinland.de\/wordpress\/wp-json\/wp\/v2\/pages\/196\/revisions\/422"}],"wp:attachment":[{"href":"https:\/\/www.cvua-rheinland.de\/wordpress\/wp-json\/wp\/v2\/media?parent=196"}],"curies":[{"name":"wp","href":"https:\/\/api.w.org\/{rel}","templated":true}]}}